+ 14*u - 18*u = 44. Suppose -14*b + n = -13*b. What is the remainder when 125 is divided by b?
4
Let f = -12 - -8. Let d(s) = 2*s**3 + 14*s**2 + 4*s - 3. Calculate the remainder when d(f) is divided by 21.
14
Suppose -4*p + 7*p - 45 = 3*o, -4*o = -4. Let q = 1015 - 979. Calculate the remainder when q is divided by p.
4
Suppose -3*k = 15, 50 = r - 5*k - 41. Let i = r + -61. Suppose 0 = -i*x + 437 + 148. Calculate the remainder when x is divided by 30.
27
Let g = 857 - 834. Calculate the remainder when 0 - -44 - 7/(-7) is divided by g.
22
Let o = 1 - -30. Suppose 0 = 2*f + 5*d - 293, -17*d = -5*f - 16*d + 719. What is the remainder when f is divided by o?
20
Let l(n) = -17*n - 755. What is the remainder when 828 is divided by l(-45)?
8
Let g(p) = 4*p**3 - 27*p**2 - 11*p - 60. What is the remainder when 466 is divided by g(8)?
122
Let d(s) = 2*s**2 + 24*s + 13. Let t(p) = -p. Let g(y) = -d(y) - 3*t(y). Let o = -21 + 44. What is the remainder when o is divided by g(-9)?
9
Suppose 93*y = 5*g + 91*y - 1209, 0 = -2*y - 14. Suppose 20 = t - 2*j, -t - j = 1 - 15. What is the remainder when g is divided by t?
15
Let z(w) = -15*w + 64. Let k(s) = -s - 1. Let v(c) = 6*k(c) - z(c). What is the remainder when v(10) is divided by 12?
8
Let u(n) = -593*n**2 + 3*n - 4 - 10*n + 592*n**2. Calculate the remainder when 19 is divided by u(-2).
1
Let a(g) = -g**2 + 8*g + 14. Let u be a(9). Suppose -4*o + 4*x + 312 = -0*o, u*o - 340 = -5*x. What is the remainder when o is divided by 15?
13
Let k(q) = -q**3 - 9*q**2 - 12*q - 24. Let b(u) = u**3 - 8*u**2 + 6*u - 56. Let j be b(8). Calculate the remainder when 13 is divided by k(j).
5
Let b = 641 + -641. Suppose q - 89 + b = 0. What is the remainder when q is divided by 15?
14
Let r(o) = -180*o + 2747. What is the remainder when 368 is divided by r(15)?
39
Let w be 442*-1*4/8. Let s = w + 255. What is the remainder when 78 is divided by s?
10
Let n(y) = 2*y + 23. Let r be n(-10). Suppose 1 + 17 = r*u. Suppose f = u*f - 205. What is the remainder when f is divided by 22?
19
Let i = -1068 + 1195. Calculate the remainder when i is divided by 61/3 - (-2)/(-6).
7
Let q be (0/(-2) - 2)*3/(-6). Suppose -6*z = -17 - q. What is the remainder when 38 is divided by z?
2
Let o be 1/((-20)/608) - (-18)/45. What is the remainder when 151 is divided by 45/o - (1 - 33/2)?
11
Calculate the remainder when 303 is divided by 4/50 + 125511/2675.
21
Suppose -5*j + 4*u + 798 - 257 = 0, 0 = -3*j - 3*u + 303. Let k = j + -48. Calculate the remainder when k is divided by (0 - (0 + 5))*(-2 - 2).
17
Let m be 6/(-24) - 10/(-8). Let z(x) = 4*x**3 + 10*x**2 - 10*x + 1. Calculate the remainder when 153 is divided by z(m).
3
Suppose -154*s - 12212 + 33702 = -95704. Calculate the remainder when s is divided by 78.
59
Suppose 50*p - 419 = 25*p + 756. Let g = 15 + -9. Let n(v) = 3*v + 8. What is the remainder when p is divided by n(g)?
21
Suppose 2*l + 4*y = 284 + 232, -9862 = -37*l + 5*y. Calculate the remainder when 507 is divided by l.
241
Let l(t) = 8*t**3 - 76*t**2 - 37*t + 44. Calculate the remainder when 5179 is divided by l(10).
73
Suppose -2*h + 82 - 84 = 0, 0 = -2*m - 4*h + 974. Calculate the remainder when m is divided by 484.
5
Suppose 34*f - 133 = 41*f. Let y = 54 + f. Calculate the remainder when 67 is divided by y.
32
Suppose -49*f + 23430 = 449. Calculate the remainder when f is divided by 459.
10
Let q = 15058 - 15046. What is the remainder when 4724 is divided by q?
8
Let f(r) = 12*r**2 - r + 740. What is the remainder when f(0) is divided by 94?
82
Let m(b) = -2*b**2 - 35*b + 9. What is the remainder when m(-16) is divided by ((-88)/6)/(102/(-18) - -5)?
13
Suppose -12*n = 288 - 48. Calculate the remainder when 98 is divided by (n/7)/(((-24)/21)/4).
8
Let d = -4335 - -4375. Calculate the remainder when 225 is divided by d.
25
Let f = -80 - -96. Let c(r) = -r**2 + 15*r + 80. Calculate the remainder when 191 is divided by c(f).
63
Suppose 339*w + 288 = 363*w. What is the remainder when -1 - (-83 + -1 - 0) is divided by w?
11
Let z = 33582 + -33036. What is the remainder when 1668 is divided by z?
30
Let l be (39/9 - 0) + (-1)/3. Suppose 11*g = l*g + 7. Calculate the remainder when g/((4 + -12)/(-4))*74 is divided by 19.
18
Let r = 1371 + 423. Calculate the remainder when r is divided by 30.
24
Calculate the remainder when (3/(-4))/((-408)/64) + (-59444)/(-187) is divided by 16.
14
Suppose 4*q + 4*a - 87 = a, 3*a = 3. Let n = 163 + -159. Calculate the remainder when n/(-22) - 71815/(-583) is divided by q.
18
What is the remainder when (0 + 73)/((-14)/(-42)) is divided by 56?
51
Let r(u) = 2*u**2 - 2*u + 3. What is the remainder when -24*(1 + (-207)/27) is divided by r(-3)?
25
Let z(d) = d**3 - 45*d - 80. What is the remainder when -2*((-765)/6 - 1) is divided by z(-5)?
17
Suppose -50 = 10*d + 30. Let h(o) = -35*o - 257. Calculate the remainder when h(d) is divided by 0 + -7*(-1 + -1).
9
Let t(a) = 1079 - 3*a - 2143 + 1103. Calculate the remainder when 33 is divided by t(7).
15
Let v(y) = y**2 - 31*y + 257. Suppose 43 = p + 3*b, p + 212 = 5*p + 4*b. What is the remainder when 0 + (-3)/1 + p is divided by v(14)?
17
Suppose n = 4*j - 40, 6*j - 3*j - 13 = 5*n. Let d(x) = -x**2 - 15*x + 2. Let u be (11 - 15) + 3/(-3). Calculate the remainder when d(u) is divided by j.
8
Let q = 237 - 224. Let g = -74 + 109. Calculate the remainder when g is divided by q.
9
Let q = -8450 - -8505. Calculate the remainder when 1205 is divided by q.
50
Suppose -26*f - 39 = -29*f. Let o = f - 11. Suppose -i + 138 = -2*q, 3*q = -i + o*i - 136. What is the remainder when i is divided by 24?
22
Let f = 665 - 331. Suppose -5*j = -f + 179. What is the remainder when 121 is divided by j?
28
Let a = -4691 + 5111. What is the remainder when a is divided by 106?
102
Let w = 13192 - 13186. What is the remainder when 694 is divided by w?
4
Let u be ((-68)/8 + 5)*12/(-14). Suppose -2*o = u*o + 20. Calculate the remainder when 29 is divided by (-8 - o/(-1))*2/(-4).
5
Let g = 10393 - 9544. Calculate the remainder when g is divided by 211.
5
Suppose -2*x + 214 = 4*o, 4*x + 54*o - 435 = 53*o. What is the remainder when 329 is divided by x?
2
Let p = 295 + -287. Let t be 2/4*2 + -5. What is the remainder when 2 - (p/t + -49) is divided by 14?
11
Suppose 0 = 9*h - 78 + 15. Let o(x) = -147*x - 200. What is the remainder when o(-3) is divided by h?
3
Suppose -5 = o, -5*f + 2*o + 906 - 316 = 0. Suppose -224*p = -220*p - 20, 0 = 2*l - 5*p + 7. Calculate the remainder when f is divided by l.
8
Suppose 20*p = 19*p - 2*h + 8, -h = -3. Suppose -6*q = -3*q - 27. What is the remainder when q is divided by p?
1
Let w(o) = 43*o - 88*o - 15 - 11 - 1 + 55*o. Let p be 3*-1*(-24)/9. Calculate the remainder when w(p) is divided by 8.
5
Suppose 0 = 185*p - 179*p - 3888. Calculate the remainder when p is divided by 212.
12
Let r(q) = q**2 + 10*q - 10. Let o be r(6). Let u = 79 - o. Calculate the remainder when ((-6)/u)/((-12)/(-588)) is divided by 9.
6
Suppose 2*d = 3*d + i + 195, 0 = -4*d + 3*i - 766. Let c = d - -202. Calculate the remainder when 26 is divided by c.
8
Suppose c - 27 = -4*w, 2*c = -c + w + 16. Suppose 33 + 226 = c*b. Calculate the remainder when 107 is divided by b.
33
Suppose 158*r - 161*r = 4*h - 4571, -2299 = -2*h + 3*r. What is the remainder when h is divided by 128?
121
Let p = -8294 - -9365. What is the remainder when p is divided by 57?
45
Let v(t) = -42*t - 1211. Calculate the remainder when 283 is divided by v(-30).
38
Suppose 109352 = 106*p - 45889 - 155551. Calculate the remainder when p is divided by 581.
27
Let g(v) = v + 20. Suppose -19 = -y - s, -2*y + 27*s = 25*s - 38. What is the remainder when g(6) is divided by y?
7
Let b(t) = -87*t + 203. Calculate the remainder when 489 is divided by b(2).
25
Suppose -17 = -2*z - 3*y, 2*z - 80 = -4*y - 64. Let t(m) = -51*m + 5. Calculate the remainder when t(-2) is divided by z.
7
Let u(c) = -6*c - 29. Let t = -151 + 141. Let z = 34 - -89. Calculate the remainder when z is divided by u(t).
30
Let b = 224 - 239. Calculate the remainder when ((-30)/3 - b)/(1/39) is divided by 22.
19
Suppose 38*i = 32*i + 15*i - 1323. What is the remainder when i is divided by 4?
3
Let j = -780 + 847. What is the remainder when 869 is divided by 